p) be the third derivative of -p**8/2240 + p**4/8 + p**2. Let m(t) be the second derivative of n(t). Let h be 20/(-14) + 3/7. Calculate m(h).
3
Let g(u) = -10 + 16 + u**3 + 16 - 8*u + 9*u**2. Let d be g(-10). Let q(h) = -h**3 - 2*h**2 + h + 2. Calculate q(d).
-12
Let l be (2/6)/(2/6). Let u(d) = 3*d + 5. Suppose 0 = -7*h - 32 + 4. Let j(r) = -5*r - 9. Let i(t) = h*j(t) - 7*u(t). Give i(l).
0
Let t be 88/14*(-35)/(-10). Let p = 18 - t. Let i be (-1)/p*2*6. Let f(g) = g - 5. Give f(i).
-2
Let h(j) = -3*j + 11. Let x(w) = 4*w. Let c be x(2). Let u(d) = -6*d + 0*d - 6*d + 10*d + 7. Let r(i) = c*u(i) - 5*h(i). Determine r(5).
-4
Let d(t) = 5*t + 25. Let o(a) = 29*a + 23. Let s be o(-1). Give d(s).
-5
Let o(n) = -n**2 - 9*n + 13. Let i be o(-10). Suppose 3*b + 7 = -x, 0 = -x - x - i*b - 5. Let g(y) = y - 4 + 3*y - 7*y + y**x. What is g(4)?
0
Let r(d) = -2*d**3 + 5*d**2 + d + 1. Let o be -3*(-6 + 5 + 0). Calculate r(o).
-5
Let m(n) be the second derivative of n**5/20 + 7*n**4/12 + 5*n**3/6 + 60*n - 2. Give m(-6).
6
Suppose 4*c - 7 = 3*c. Suppose k - 2*k - 5*i + c = 0, 4*k + 5*i + 2 = 0. Let m(b) = 6*b + 4. Determine m(k).
-14
Let w be (1/4)/((-29)/(-58)). Let s(n) be the first derivative of 0*n - 2/3*n**3 - w*n**2 + 5/4*n**4 + 6. What is s(-1)?
-6
Let f be 58/4 + (-41)/82. Let p(x) = 2*x - 31. Determine p(f).
-3
Let n(y) be the third derivative of -y**6/120 + y**5/15 - y**4/4 + 10*y**3/3 - y**2 + 56. Give n(4).
-4
Suppose 6*t - t - 80 = 0. Let v be ((-8)/t)/(2/(-24)). Let a(r) = -5*r - v*r + 6 + 9*r. Determine a(6).
-6
Suppose 6*v = 2*v. Suppose v = -3*o - o + 12. Let q(r) = -15*r + 30. Let c(d) = -8*d + 17. Let a(w) = 7*c(w) - 4*q(w). What is a(o)?
11
Suppose 8*k = 4*g + 3*k + 31, -5*g - 5*k - 50 = 0. Let u = -4 - g. Let d(c) = c**2 - 4*c. Determine d(u).
5
Let w = 23 + -18. Let t(u) be the third derivative of 5/24*u**4 + 0 + 1/15*u**5 - 1/120*u**6 + 1/6*u**3 - u**2 + 0*u. What is t(w)?
1
Let k(f) be the second derivative of -f**4/12 + 5*f**3/6 + 2*f**2 - f. Suppose -50*g + 46*g + 16 = -m, -g + m = -1. Give k(g).
4
Let v(h) = -h**3 + 4*h**2 - 3*h. Let f(p) = 2*p + 3. Let o(u) = -3*u - 4. Let w(k) = -4*f(k) - 3*o(k). Let s be w(3). Calculate v(s).
0
Let i(d) = -d + 30. Suppose 0 = 37*a + 6*a. What is i(a)?
30
Let i(y) = -5*y + 5. Let f(u) = -6*u + 7. Let h(q) = -4*f(q) + 5*i(q). Calculate h(-2).
-1
Suppose -2*u - 2*j + 6*j + 20 = 0, -15 = 5*u + 3*j. Suppose 5*w + u*w = w. Let r(v) = v**2 - 9. What is r(w)?
-9
Suppose 0 = 2*m - 6 + 2. Let z(u) = -7*u**2 - 6*u**m + 14*u**2 + 6*u - 3 - 7*u**2 + u**3. Calculate z(5).
2
Let q(u) = -29*u + 4. Let k(w) = -8*w + 1. Let b(a) = 22*k(a) - 6*q(a). Give b(-4).
6
Let n(h) = -7*h**3 + 8*h + 5. Let a(f) = -13*f**3 - f**2 + 15*f + 10. Suppose -5*c + 3*y - 36 = 0, -3*y = c + y - 2. Let x(t) = c*a(t) + 11*n(t). What is x(-6)?
7
Let a(m) = m**2 + m. Let v(j) be the first derivative of 7*j**3/3 - j**2 + 4*j - 1. Let t(b) = -6*a(b) + v(b). Give t(6).
-8
Let u = -37 - -26. Let k = -9 - u. Let a(n) = 6 - 4 + k - n. What is a(-4)?
8
Let r(l) = -l**3 + l**2. Let x(h) = 4*h**3 - 13*h**2 - 5*h - 1. Let b(j) = 5*r(j) + x(j). Calculate b(-7).
-15
Let n(p) = -2*p - 9*p**2 - 5*p**3 + 169 - 179 + 4*p**3 + 0*p**3. Give n(-9).
8
Let r be (-6)/48*-8*10/1. Let l(n) = n**3 - 10*n**2 - 4. Give l(r).
-4
Let j(d) = -d**2 + 5*d + 8. Suppose -f + 3*o + 7 = 0, 4*f + o - 20 = 5*o. Determine j(f).
12
Let f(a) = -2*a + 1. Suppose 6 + 6 = 3*m - 3*o, -5*m - o = -38. What is f(m)?
-13
Let f(b) = b**3 - 4*b**2 + 2*b + 1. Suppose x - 2 = 1. Let d be f(x). Let n(i) = -i - 1. What is n(d)?
1
Let m(d) = d**3 - 3*d**2 + 2*d + 1. Suppose 0 = 4*q - 8*q - 4*n - 60, -74 = 5*q + 4*n. Let o = 25 + q. Suppose 5*j - o = a, -5*a + 0*a + 23 = j. What is m(j)?
7
Suppose 5*o - 3 = -2*z + 32, 0 = 3*o - 3*z. Let y(k) = -k + 1. Give y(o).
-4
Suppose 15 = 3*f, 4*f - 12 - 14 = -3*x. Let a(c) = -x*c**2 + 5 - 3 + 0 - c - c**3. Let o(n) = -n**2 - 10*n - 23. Let d be o(-7). What is a(d)?
4
Let t(s) = -s**3 - 11*s**2 + 5. Let w be t(-11). Suppose 2*o = -3*d - 25, w*d + o = -43 + 6. Let v(q) = -q**2 - 8*q - 6. Calculate v(d).
1
Suppose -2*v = 2*l - 18, 0 = -v - 3*v + 16. Let w(y) = y**2 - 6*y - 11. Determine w(l).
-16
Let m(o) = 6*o + 15. Suppose -2*c = -76*k + 80*k + 16, -3*k + 14 = -5*c. Give m(c).
-9
Let v(t) be the third derivative of t**4/24 - t**2. Suppose 0 = -2*h + 3*h - 8. Suppose 12 = h*q - 4*q. What is v(q)?
3
Let l be (-6)/5*(-1 - 4). Let q(f) = 12*f**2 + 18*f**2 - l - 41*f**2 + f**3 + 11*f. Calculate q(10).
4
Let x(g) = -8 + 4 + g**2 + 4*g + 0. Let h(q) = q**2 + 7*q. Let u be h(-6). Give x(u).
8
Let h(u) be the first derivative of u**4/4 - 5*u**3/3 - 5*u**2 + 3*u + 204. Determine h(7).
31
Let i(c) = -c**3 + 3*c**2 + 4*c - 3. Let q(n) = -n**3 + 9*n + 4. Suppose f + 5 = 0, -3*f = -7*o + 9*o + 21. Let y be q(o). Determine i(y).
-3
Let h(l) = -4*l - 3. Let k(s) = s + 1. Let q(y) = -h(y) - 6*k(y). Let b(w) = w**2 + 9*w + 5. Let f be b(-9). What is q(f)?
-13
Let k be ((-2)/(-3))/((-3)/432). Let c be k/(-42) + 4/(-14). Let m(a) = -3 - c*a**2 - a + 4*a + 5. Determine m(3).
-7
Let f = -3 + 4. Let o(j) = -5*j + 2*j + 2*j - f. Let d(q) = -7*q + 13. Let g be d(1). Give o(g).
-7
Let m(k) = -2*k + 24536 - 24542 + 7*k + k**2. Calculate m(-6).
0
Let k(x) = -2*x**2 + 2*x + 5. Let p be -2 + (-1 - (-5 - -5)). Give k(p).
-19
Let k(j) be the second derivative of j**3/6 - 6*j**2 + 6*j + 17. What is k(6)?
-6
Let v(f) = -5*f**2 - 33*f + 4. Let z be v(-7). Let n(o) = o**2 + 10*o + 11. Determine n(z).
11
Let h(j) = -2*j**2 - 8*j + 11. Let i be h(-5). Let r be i/(-2)*(9 - 1). Let x be -7 + 6 + r - 1. Let q(u) = u**3 + 6*u**2 + 3*u + 9. Determine q(x).
-9
Let z be 3 - (6/(-4))/((-21)/112). Let b(o) = -o**3 - 4*o**2 + 4*o - 5. Calculate b(z).
0
Let x = 12 + -19. Suppose 0 = w - 3*c + 23, 33 = -2*w + w + 5*c. Let l = w - x. Let o(h) = -13*h**3. What is o(l)?
13
Let h = 66 - 35. Suppose -w - h = -42. Let c(x) = x**3 - 11*x**2 - x + 1. Give c(w).
-10
Let h(n) = n**2 - 8*n - 3. Let z be h(8). Let x(t) = -4 + t + 542*t**2 - 183*t**2 - 180*t**2 - 178*t**2. Give x(z).
2
Let g(t) = -9*t - 1. Let b(v) = -v**3 + 2*v**2 + 8. Let d = -90 + 93. Let y be b(d). Give g(y).
8
Let w(d) = 3*d**3 - 3*d + 2. Let u(f) = 7*f**3 + f**2 - 6*f + 4. Let n(l) = 2*u(l) - 5*w(l). Calculate n(-2).
8
Let g(o) = 1729*o + 969. Let t(l) = -32*l - 18. Let b(k) = -6*g(k) - 323*t(k). What is b(1)?
-38
Let f(v) be the third derivative of -v**6/120 + v**4/24 - v**3/6 - 20*v**2. Determine f(-2).
5
Let m(t) = -t**3 + 4*t**2 - 4*t + 3. Suppose 4*v - 2 - 6 = 0. Suppose -v*q + 36 = q. Let w = 14 - q. Determine m(w).
3
Let u(l) = -l**3 - 5*l**2 - 2*l - 5. Let a be u(-5). Suppose -2*r - a = -15. Let k(s) = 3*s - 3 + 5 - r. Calculate k(3).
6
Let k(t) = -10*t**2 + 7*t - 8. Let j(w) = 12*w**2 - 7*w + 8. Let a(i) = -6*j(i) - 7*k(i). Calculate a(-6).
-22
Let k(g) = -2*g**3 - 11*g**2 + 19*g + 9. Let x(o) = o**3 + 5*o**2 - 9*o - 4. Let j(v) = -4*v - 19. Let r be j(-4). Let w(y) = r*k(y) - 7*x(y). Calculate w(-4).
9
Let q be 210/(-135) - 20/45. Let v(p) = -4*p**2 - 3*p + 1. Calculate v(q).
-9
Let x(t) = 109*t - 113*t - 165 + 167. Determine x(7).
-26
Suppose 4*h + h + 4*j = 21, 2*h + 10 = 3*j. Suppose 0 = -s + h - 4. Let k(c) = 0 - 2 - 2*c + 4*c - 1 + c**2 + 6. What is k(s)?
6
Suppose -4*z = -z - 6. Let y(j) = -72 + j - z*j + 79. Suppose -3*v + v = -8. Determine y(v).
3
Let k be (-6)/(-4)*(-3 - -1). Let q = 61 + -59. Let f(n) = 2*n**2 + n + 4 + 2*n + n**2 - 2*n**q. What is f(k)?
4
Let f be -2 + (-1)/(1/12). Let h(s) = s - 11. Let x be h(21). Let o = x + f. Let p(g) = -g**2 - 4*g - 6. Calculate p(o).
-6
Let m(a) = a**3 - 6*a**2 + 3*a + 4. Let x = 41 + -36. Give m(x).
-6
Let q(v) = -v**3 - 7*v**2 - 10*v + 4. Suppose -6*u + 5*u = 5. Give q(u).
4
Let o(p) = -p + 22. Let g(j) = 5. Let y(a) = -4*g(a) + o(a). Suppose 9 = -r - 4*q, r + 7 = -0*q - 2*q. What is y(r)?
7
Let n(z) = -772 - 2*z**2 + 779 + z**2 - 4*z. Give n(5).
-38
Let r(f) = 3*f**2 - 6*f + 1. Let m(v) = 1. Let n(q) = 4*m(q) + r(q). Give n(2).
5
Let w(n) = n**3 - 4*n**2 - n - 2. Let b = -8 - -13. Suppose b*j - 6 - 24 = -5*m, -2*j + 15 = 3*m. Suppose a + 4*h + 4 = 0, m*a - 6 = 5*h + 16. Calculate w(a).
-6
Let l(z) = -325*z - 4 - 326*z + 650*z. Give l(-8).
4
Let y(c) = -8*c - c**2 - 57667 - c